{"id":14,"date":"2012-10-29T10:55:34","date_gmt":"2012-10-29T09:55:34","guid":{"rendered":"http:\/\/actuary.hu\/weblap2\/?page_id=14"},"modified":"2016-10-22T19:56:16","modified_gmt":"2016-10-22T17:56:16","slug":"tarsasag","status":"publish","type":"page","link":"http:\/\/actuary.hu\/weblap2\/tarsasag\/","title":{"rendered":"T\u00e1rsas\u00e1g"},"content":{"rendered":"<p>&#8222;Az aktu\u00e1rius olyan szakember, aki a kock\u00e1zatok kvantifik\u00e1lt p\u00e9nz\u00fcgyi hat\u00e1sait elemzi \u00e9s alkalmazza a gyakorlatban. Az aktu\u00e1rius matematikai (val\u00f3sz\u00edn\u0171s\u00e9g-sz\u00e1m\u00edt\u00e1si, statisztikai ) \u00e9s k\u00f6zgazdas\u00e1gi (p\u00e9nz\u00fcgyi, befektet\u00e9si, sz\u00e1mviteli ) ismeretek felhaszn\u00e1l\u00e1s\u00e1val a gyakorlatban felhaszn\u00e1lhat\u00f3, kvantifik\u00e1lt v\u00e1laszokat ad a kock\u00e1zatok p\u00e9nz\u00fcgyi hat\u00e1sai kezel\u00e9s\u00e9nek probl\u00e9m\u00e1j\u00e1ra.<\/p>\n<p>Jelenleg az aktu\u00e1riusok Magyarorsz\u00e1gon els\u0151sorban biztos\u00edt\u00f3kn\u00e1l, nyugd\u00edjp\u00e9nzt\u00e1rakn\u00e1l, a t\u00e1rsadalombiztos\u00edt\u00e1s ter\u00fclet\u00e9n, tan\u00e1csad\u00f3 irod\u00e1kn\u00e1l \u00e9s a p\u00e9nz\u00fcgyi fel\u00fcgyeleten (<a href=\"http:\/\/felugyelet.mnb.hu\/\">Magyar Nemzeti Bank<\/a>) fejtik ki a kock\u00e1zatkezel\u00e9st \u00e9rint\u0151 tev\u00e9kenys\u00e9g\u00fcket.&#8221;<br \/>\n<em><a href=\"http:\/\/hu.wikipedia.org\/wiki\/Aktu%25C3%25A1rius\">(Wikip\u00e9dia)<\/a><\/em><\/p>\n<p>A Magyar Aktu\u00e1rius T\u00e1rsas\u00e1got 1991-ben alap\u00edtott\u00e1k. Azzal a c\u00e9llal alakult, hogy a rendszerv\u00e1lt\u00e1s ut\u00e1n \u00fajj\u00e1\u00e9led\u0151 aktu\u00e1rius szakma kor\u00e1bbi preszt\u00edzs\u00e9t vissza\u00e1ll\u00edtsa, az aktu\u00e1rius szakma \u00e9rdekv\u00e9delm\u00e9t ell\u00e1ssa, \u00e9s a jogi szab\u00e1lyoz\u00e1s el\u0151k\u00e9sz\u00edt\u00e9s\u00e9ben a biztos\u00edt\u00e1smatematikai elveket k\u00e9pviselje, \u00e9rv\u00e9nyes\u00edtse.<\/p>\n<p>A MAT az alapszab\u00e1ly \u00e9s a Szervezeti \u00e9s M\u0171k\u00f6d\u00e9si Szab\u00e1lyzat (<a href=\"http:\/\/actuary.hu\/weblap2\/tarsasag\/szabalyok\/\">SZMSZ<\/a>) szerint m\u0171k\u00f6dik, a k\u00e9t \u00e9vre megv\u00e1lasztott eln\u00f6k \u00e9s az \u00e1ltala vezetett\u00a0<a href=\"http:\/\/actuary.hu\/weblap2\/kapcsolat\/\">\u00fcgyvezet\u0151s\u00e9g<\/a>\u00a0k\u00e9pviselet\u00e9vel, akiket az \u00e9vente egyszer &#8211; \u00e1ltal\u00e1ban ny\u00e1r elej\u00e9n &#8211; \u00fcl\u00e9sez\u0151 k\u00f6zgy\u0171l\u00e9s v\u00e1laszt meg titkos szavaz\u00e1ssal, nyilv\u00e1nos aj\u00e1nl\u00e1sokat k\u00f6vet\u0151en. Szint\u00e9n a k\u00f6zgy\u0171l\u00e9s d\u00f6nt a tagfelv\u00e9teli k\u00e9relmek elb\u00edr\u00e1l\u00e1s\u00e1r\u00f3l, melyet nyilv\u00e1nos vita el\u0151z meg a jel\u00f6ltek szakmai \u00f6n\u00e9letrajz\u00e1nak bemutat\u00e1s\u00e1val.<\/p>\n<p>Ma mintegy 150 tagja \u00e9s 80 min\u0151s\u00edtett tagja van. Teljes jog\u00fa tagja az\u00a0<a href=\"http:\/\/www.actuaries.org\/\">International Actuarial Association<\/a>-nek \u00e9s a\u00a0<a href=\"http:\/\/actuary.eu\/\">The Actuarial Association of Europe<\/a>-nak.<\/p>\n","protected":false},"excerpt":{"rendered":"<p>&#8222;Az aktu\u00e1rius olyan szakember, aki a kock\u00e1zatok kvantifik\u00e1lt p\u00e9nz\u00fcgyi hat\u00e1sait elemzi \u00e9s alkalmazza a gyakorlatban. Az aktu\u00e1rius matematikai (val\u00f3sz\u00edn\u0171s\u00e9g-sz\u00e1m\u00edt\u00e1si, statisztikai ) \u00e9s k\u00f6zgazdas\u00e1gi (p\u00e9nz\u00fcgyi, befektet\u00e9si, sz\u00e1mviteli ) ismeretek felhaszn\u00e1l\u00e1s\u00e1val a [&hellip;]<\/p>\n","protected":false},"author":1,"featured_media":0,"parent":0,"menu_order":0,"comment_status":"open","ping_status":"open","template":"","meta":{"footnotes":""},"_links":{"self":[{"href":"http:\/\/actuary.hu\/weblap2\/wp-json\/wp\/v2\/pages\/14"}],"collection":[{"href":"http:\/\/actuary.hu\/weblap2\/wp-json\/wp\/v2\/pages"}],"about":[{"href":"http:\/\/actuary.hu\/weblap2\/wp-json\/wp\/v2\/types\/page"}],"author":[{"embeddable":true,"href":"http:\/\/actuary.hu\/weblap2\/wp-json\/wp\/v2\/users\/1"}],"replies":[{"embeddable":true,"href":"http:\/\/actuary.hu\/weblap2\/wp-json\/wp\/v2\/comments?post=14"}],"version-history":[{"count":15,"href":"http:\/\/actuary.hu\/weblap2\/wp-json\/wp\/v2\/pages\/14\/revisions"}],"predecessor-version":[{"id":2224,"href":"http:\/\/actuary.hu\/weblap2\/wp-json\/wp\/v2\/pages\/14\/revisions\/2224"}],"wp:attachment":[{"href":"http:\/\/actuary.hu\/weblap2\/wp-json\/wp\/v2\/media?parent=14"}],"curies":[{"name":"wp","href":"https:\/\/api.w.org\/{rel}","templated":true}]}}