{"id":289,"date":"2014-10-26T11:47:09","date_gmt":"2014-10-26T10:47:09","guid":{"rendered":"http:\/\/actuary.hu\/weblap2\/?page_id=289"},"modified":"2020-12-05T17:39:44","modified_gmt":"2020-12-05T16:39:44","slug":"english","status":"publish","type":"page","link":"http:\/\/actuary.hu\/weblap2\/english\/","title":{"rendered":"In English"},"content":{"rendered":"<p><span style=\"text-decoration: underline;\"><span style=\"font-size: medium;\">Hungarian Actuarial Society (HAS)<\/span><\/span><\/p>\n<table border=\"0\" align=\"left\">\n<tbody>\n<tr>\n<td>Founded:<\/td>\n<td style=\"width: 56px;\"><\/td>\n<td>1991<\/td>\n<td style=\"width: 56px;\"><\/td>\n<td><\/td>\n<\/tr>\n<tr>\n<td>President:<\/td>\n<td style=\"width: 8px;\"><\/td>\n<td>\u00c1kos Rib\u00e9nyi<\/td>\n<td style=\"width: 8px;\"><\/td>\n<td><a href=\"mailto:president@actuary.hu\">president@actuary.hu<\/a><\/td>\n<\/tr>\n<tr style=\"height: 8px;\">\n<td><\/td>\n<td style=\"width: 8px;\"><\/td>\n<td><\/td>\n<td style=\"width: 8px;\"><\/td>\n<td><\/td>\n<\/tr>\n<tr>\n<td>Executive Board:<\/td>\n<td style=\"width: 8px;\"><\/td>\n<td>G\u00e1bor Borza<\/td>\n<td style=\"width: 8px;\"><\/td>\n<td><a href=\"ugyvez@actuary.hu\">ugyvez@actuary.hu<\/a><\/td>\n<\/tr>\n<tr>\n<td><\/td>\n<td style=\"width: 8px;\"><\/td>\n<td>Judit Kov\u00e1cs<\/td>\n<td style=\"width: 8px;\"><\/td>\n<td><\/td>\n<\/tr>\n<tr>\n<td><\/td>\n<td style=\"width: 8px;\"><\/td>\n<td>Ferenc G\u00e1bor P\u00e1sztor<\/td>\n<td style=\"width: 8px;\"><\/td>\n<td><\/td>\n<\/tr>\n<tr>\n<td><\/td>\n<td style=\"width: 8px;\"><\/td>\n<td>Paula Soml\u00f3in\u00e9 Tusn\u00e1dy<\/td>\n<td style=\"width: 8px;\"><\/td>\n<td><\/td>\n<\/tr>\n<tr>\n<td><\/td>\n<td style=\"width: 8px;\"><\/td>\n<td>Zolt\u00e1n L\u00e1szl\u00f3 Szab\u00f3<\/td>\n<td style=\"width: 8px;\"><\/td>\n<td><\/td>\n<\/tr>\n<tr>\n<td>Standby member:<\/td>\n<td style=\"width: 8px;\"><\/td>\n<td>Ivett Hutv\u00e1gner<\/td>\n<td style=\"width: 8px;\"><\/td>\n<td><\/td>\n<\/tr>\n<tr style=\"height: 8px;\">\n<td><\/td>\n<td style=\"width: 8px;\"><\/td>\n<td><\/td>\n<td style=\"width: 8px;\"><\/td>\n<td><\/td>\n<\/tr>\n<tr>\n<td>Secretary:<\/td>\n<td style=\"width: 8px;\"><\/td>\n<td>Tam\u00e1s Varga<\/td>\n<td style=\"width: 8px;\"><\/td>\n<td><a href=\"mailto:secretary@actuary.hu\">secretary@actuary.hu<\/a><\/td>\n<\/tr>\n<tr style=\"height: 8px;\">\n<td><\/td>\n<td style=\"width: 8px;\"><\/td>\n<td><\/td>\n<td style=\"width: 8px;\"><\/td>\n<td><\/td>\n<\/tr>\n<tr>\n<td>Supervisory Board:<\/td>\n<td style=\"width: 8px;\"><\/td>\n<td>Istv\u00e1n Ker\u00e9nyi<\/td>\n<td style=\"width: 8px;\"><\/td>\n<td><a href=\"mailto:fb@actuary.hu\">fb@actuary.hu<\/a><\/td>\n<\/tr>\n<tr>\n<td><\/td>\n<td style=\"width: 8px;\"><\/td>\n<td>Erika Marczi<\/td>\n<td style=\"width: 8px;\"><\/td>\n<td><\/td>\n<\/tr>\n<tr>\n<td><\/td>\n<td style=\"width: 8px;\"><\/td>\n<td>\u00c1rp\u00e1d P\u00e9li<\/td>\n<td style=\"width: 8px;\"><\/td>\n<td><\/td>\n<\/tr>\n<tr>\n<td>Standby member:<\/td>\n<td style=\"width: 8px;\"><\/td>\n<td>Judit Hauer<\/td>\n<td style=\"width: 8px;\"><\/td>\n<td><\/td>\n<\/tr>\n<\/tbody>\n<\/table>\n<p>&nbsp;<\/p>\n<p>&nbsp;<\/p>\n<p>&nbsp;<\/p>\n<p>&nbsp;<\/p>\n<p>&nbsp;<\/p>\n<p>&nbsp;<\/p>\n<p>&nbsp;<\/p>\n<p>&nbsp;<\/p>\n<p>Address:<br \/>\nMagyar Aktu\u00e1rius T\u00e1rsas\u00e1g<br \/>\n1062 Budapest, Andr\u00e1ssy \u00fat 93.<br \/>\nTax id: 18076712-1-42<\/p>\n<p><a href=\"http:\/\/actuary.hu\/weblap2\/wp-content\/uploads\/Alapszabaly_Memorandum_2019_05_24_dual.pdf\">Memorandum<\/a><br \/>\n<a href=\"http:\/\/actuary.hu\/weblap2\/wp-content\/uploads\/ROO_SZMSZ_2019_05_24_dual.pdf\">Rules of Organisation and Operation<\/a><br \/>\n<a href=\"http:\/\/actuary.hu\/weblap2\/wp-content\/uploads\/Code_of_Ethics_2016_11_11_Dual.pdf\">Code Ethics<\/a><br \/>\n<a href=\"http:\/\/actuary.hu\/weblap2\/wp-content\/uploads\/CPD_Rules_2019_05_24_dual.pdf\">Rules of the Continuous Professional Development<\/a><br \/>\n<a href=\"http:\/\/actuary.hu\/weblap2\/wp-content\/uploads\/Due_Process_of_Approving_Standards_2016_05_31_Dual.pdf\">Due Process of Approving Actuarial Professional Standards of Practice<\/a><br \/>\n<a href=\"http:\/\/actuary.hu\/weblap2\/wp-content\/uploads\/03_Data_Protection_Rules_dual_20190524_1.2-kiadott.docx\">Data Protection Information<\/a><\/p>\n","protected":false},"excerpt":{"rendered":"<p>Hungarian Actuarial Society (HAS) Founded: 1991 President: \u00c1kos Rib\u00e9nyi president@actuary.hu Executive Board: G\u00e1bor Borza ugyvez@actuary.hu Judit Kov\u00e1cs Ferenc G\u00e1bor P\u00e1sztor Paula Soml\u00f3in\u00e9 Tusn\u00e1dy Zolt\u00e1n L\u00e1szl\u00f3 Szab\u00f3 Standby member: Ivett Hutv\u00e1gner [&hellip;]<\/p>\n","protected":false},"author":2,"featured_media":0,"parent":0,"menu_order":0,"comment_status":"closed","ping_status":"closed","template":"","meta":{"footnotes":""},"_links":{"self":[{"href":"http:\/\/actuary.hu\/weblap2\/wp-json\/wp\/v2\/pages\/289"}],"collection":[{"href":"http:\/\/actuary.hu\/weblap2\/wp-json\/wp\/v2\/pages"}],"about":[{"href":"http:\/\/actuary.hu\/weblap2\/wp-json\/wp\/v2\/types\/page"}],"author":[{"embeddable":true,"href":"http:\/\/actuary.hu\/weblap2\/wp-json\/wp\/v2\/users\/2"}],"replies":[{"embeddable":true,"href":"http:\/\/actuary.hu\/weblap2\/wp-json\/wp\/v2\/comments?post=289"}],"version-history":[{"count":18,"href":"http:\/\/actuary.hu\/weblap2\/wp-json\/wp\/v2\/pages\/289\/revisions"}],"predecessor-version":[{"id":4441,"href":"http:\/\/actuary.hu\/weblap2\/wp-json\/wp\/v2\/pages\/289\/revisions\/4441"}],"wp:attachment":[{"href":"http:\/\/actuary.hu\/weblap2\/wp-json\/wp\/v2\/media?parent=289"}],"curies":[{"name":"wp","href":"https:\/\/api.w.org\/{rel}","templated":true}]}}