{"id":8,"date":"2012-10-29T10:55:01","date_gmt":"2012-10-29T09:55:01","guid":{"rendered":"http:\/\/actuary.hu\/weblap2\/?page_id=8"},"modified":"2016-10-22T19:32:26","modified_gmt":"2016-10-22T17:32:26","slug":"linkek","status":"publish","type":"page","link":"http:\/\/actuary.hu\/weblap2\/linkek\/","title":{"rendered":"Linkek"},"content":{"rendered":"<p><strong>R\u00e9gi honlap:<\/strong><br \/>\n<a href=\"http:\/\/actuary.hu\/weblap\/alap2.html\" title=\"2014.12.22-ig\">http:\/\/actuary.hu\/weblap\/alap2.html<\/a><\/p>\n<p><strong>Aktu\u00e1rius honlapok<\/strong><\/p>\n<ul>\n<li>http:\/\/www.insurecentral.com\/: Igen tekint\u00e9lyes m\u00e9ret\u0171 aktu\u00e1rius linkgy\u0171jtem\u00e9ny<\/li>\n<li><a href=\"http:\/\/www.beanactuary.org\">Actuarial Links for Actuaries<\/a><\/li>\n<\/ul>\n<p><strong>Nemzetk\u00f6zi aktu\u00e1rius szervezetek honlapjai<\/strong><\/p>\n<ul>\n<li><a href=\"http:\/\/www.actuaries.org\/\">International Actuarial Association<\/a><\/li>\n<li><a href=\"http:\/\/www.casact.org\/\">Casualty Actuarial Society<\/a>\u00a0Az amerikai nem-\u00e9letbiztos\u00edt\u00e1si aktu\u00e1riusok t\u00e1rsas\u00e1ga.<\/li>\n<li><a href=\"http:\/\/www.soa.org\/\">Society of Actuaries<\/a>\u00a0Amerikai aktu\u00e1riusok t\u00e1rsas\u00e1ga.<\/li>\n<li><a href=\"http:\/\/www.actuaries.asn.au\/\">The Institute of Actuaries of Australia<\/a>\u00a0Vannak let\u00f6lthet\u0151 anyagok.<\/li>\n<li><a href=\"http:\/\/www.actuaries.ca\/\">The Canadian Institute of Actuaries Home Page<\/a>\u00a0A kanadai aktu\u00e1rius int\u00e9zet.<\/li>\n<li><a href=\"http:\/\/www.aspa.org\/\">Home Page of the American Society of Pension Actuaries<\/a>\u00a0Az amerikai nyugd\u00edjaktu\u00e1riusok t\u00e1rsas\u00e1ga.<\/li>\n<li><a href=\"http:\/\/www.actuarialfoundation.org\/\">The Actuarial Foundation<\/a>\u00a0Az Amerikai aktu\u00e1riusok t\u00e1rsas\u00e1g\u00e1nak alap\u00edtv\u00e1nya<\/li>\n<li><a href=\"http:\/\/www.actuary.org\/\">American Academy Of Actuaries<\/a>\u00a0Amerikai aktu\u00e1rius akad\u00e9mia.<\/li>\n<li><a href=\"http:\/\/www.abcdboard.org\/\">Actuarial Board for Counseling and Discipline<\/a><\/li>\n<li><a href=\"http:\/\/www.ccactuaries.com\/\">Conference of Consulting Actuaries<\/a><\/li>\n<li><a href=\"http:\/\/www.actuarialsociety.org.za\/\">Actuarial Society of South Africa (ASSA)<\/a><\/li>\n<li><a href=\"http:\/\/www.actuaries.ch\/\">Sv\u00e1jci Aktu\u00e1riusok Sz\u00f6vets\u00e9ge<\/a>\u00a0(n\u00e9met, francia)<\/li>\n<li><a href=\"http:\/\/www.ag-ai.nl\/\">Holland Aktu\u00e1rius T\u00e1rsas\u00e1g<\/a><\/li>\n<li><a href=\"http:\/\/www.actuaries.ru\/\">Russian Actuaries<\/a><\/li>\n<li><a href=\"https:\/\/aktuar.de\/Seiten\/default.aspx>Deursche Aktuarverein<\/a><\/li>\n<\/ul>\n<p><strong>Angol nyelv\u0171 biztos\u00edt\u00e1si oldalak<\/strong><\/p>\n<ul>\n<li><a href=\"http:\/\/www.ultimateinsurancelinks.com\/\">http:\/\/www.ultimateinsurancelinks.com<\/a>\u00a0: Hatalmas linkgy\u0171jtem\u00e9ny amerikai biztos\u00edt\u00f3k lapjaira<\/li>\n<li><a href=\"http:\/\/www.riskweb.com\/\">RISKWEB<\/a>\u00a0\u00a0Biztos\u00edt\u00e1ssal foglalkoz\u00f3 kutat\u00f3k \u00e9s gyakorlati szakemberek f\u00f3ruma.<\/li>\n<li><a href=\"http:\/\/www.aria.org\/\">ARIAWeb &#8211; The American Risk and Insurance Association WWW Server<\/a><\/li>\n<li><a href=\"http:\/\/www.insweb.com\/\">InsWeb!<\/a><\/li>\n<li><a href=\"http:\/\/www.dataclarity.uk.com\/Home-page\/\">Insurance Directory from Dataclarity<\/a><\/li>\n<\/ul>\n<p><strong>Foly\u00f3iratok<\/strong><\/p>\n<ul>\n<li><a href=\"http:\/\/www.actuaries.org.uk\/\">British Actuarial Journal<\/a><\/li>\n<li><a href=\"http:\/\/www.soa.org\/\">North American Actuarial Journal<\/a><\/li>\n<li><a href=\"http:\/\/www.elsevier.com\/wps\/find\/journaldescription.cws_home\/505554\/description#description\">Mathematics and Economics<\/a><\/li>\n<li><a href=\"http:\/\/link.springer.de\/link\/service\/journals\/00780\/index.htm\">Finance and Stochastics<\/a><\/li>\n<li><a href=\"http:\/\/link.springer.de\/link\/service\/journals\/00440\/index.htm\">Probability Theory<\/a><\/li>\n<li><a href=\"http:\/\/www3.oup.co.uk\/biomet\/contents\/\">Biometrika<\/a><\/li>\n<li><a href=\"http:\/\/www.blackwellpublishers.co.uk\/asp\/journal.asp?ref=0035-92540\">Journal of the Royal Statistical Society: Series C (Applied Statistics)<\/a><\/li>\n<li><a href=\"http:\/\/corvinus.azurewebsites.net\/\">Corvinus k\u00f6nyvt\u00e1r friss katal\u00f3gusinform\u00e1ci\u00f3k<\/a><\/li>\n<\/ul>\n<p><strong>Kiad\u00f3k<\/strong><\/p>\n<ul>\n<li><a href=\"http:\/\/www.academicpress.com\/\">Academic Press<\/a><\/li>\n<li><a href=\"http:\/\/www.elsevier.com\/\">Elsevier Science<\/a><\/li>\n<\/ul>\n<p><strong>Hazai \u00fczleti biztos\u00edt\u00f3k, mag\u00e1nnyugd\u00edjp\u00e9nzt\u00e1rak honlapjai<\/strong><\/p>\n<ul>\n<li><a href=\"http:\/\/www.mabisz.hu\/hu\/tagjaink\/9-tagjaink-lista.html\">MABISZ<\/a><\/li>\n<\/ul>\n<p><strong>Hasznos szoftverek<\/strong><\/p>\n<ul>\n<li><a href=\"http:\/\/www.ams.org\/tex\/\">AMS TeX Resources Home Page<\/a><\/li>\n<li><a href=\"http:\/\/www.ghostscript.com\/download\/\">Ingyenes Postscript interpreter t\u00f6bb oper\u00e1ci\u00f3s rendszerre<\/a><\/li>\n<li><a href=\"http:\/\/www.freepascal.org\/\">Ingyenes, multiplatformos Pascal ford\u00edt\u00f3 hivatalos oldala<\/a><\/li>\n<li><a href=\"http:\/\/www.dessci.com\/en\/products\/mathtype\/\">Design Science<\/a>, a MS Word-ben is megtal\u00e1lhat\u00f3 Equation Editort, a MathType-ot, valamint e k\u00e9t program \u00e9s a TeX k\u00f6z\u00f6tti konverzi\u00f3t megold\u00f3 programot fejleszt\u0151 c\u00e9g honlapja (ingyenes:\u00a0<a href=\"http:\/\/www.mathtype.com\/features\/taform.stm\">TeXaide<\/a>)<\/li>\n<\/ul>\n<p><strong>Egy\u00e9b<\/strong><\/p>\n<ul>\n<li><a href=\"http:\/\/felugyelet.mnb.hu\/\">P\u00e9nz\u00fcgyi Fel\u00fcgyelet (MNB)<\/a><\/li>\n<li><a href=\"http:\/\/www.ksh.hu\/\">K\u00f6zponti Statisztikai Hivatal (KSH)<\/a><\/li>\n<li><a href=\"http:\/\/www.mabisz.hu\/\">Magyar Biztos\u00edt\u00f3k Sz\u00f6vets\u00e9ge (MABISZ)<\/a><\/li>\n<li><a href=\"http:\/\/www.renyi.hu\/\">MTA R\u00e9nyi Alfr\u00e9d Matematika Kutat\u00f3 Int\u00e9zet<\/a><\/li>\n<li><a href=\"http:\/\/www.ams.org\/\">American Mathematical Society<\/a><\/li>\n<\/ul>\n","protected":false},"excerpt":{"rendered":"<p>R\u00e9gi honlap: http:\/\/actuary.hu\/weblap\/alap2.html Aktu\u00e1rius honlapok http:\/\/www.insurecentral.com\/: Igen tekint\u00e9lyes m\u00e9ret\u0171 aktu\u00e1rius linkgy\u0171jtem\u00e9ny Actuarial Links for Actuaries Nemzetk\u00f6zi aktu\u00e1rius szervezetek honlapjai International Actuarial Association Casualty Actuarial Society\u00a0Az amerikai nem-\u00e9letbiztos\u00edt\u00e1si aktu\u00e1riusok t\u00e1rsas\u00e1ga. Society [&hellip;]<\/p>\n","protected":false},"author":1,"featured_media":0,"parent":0,"menu_order":0,"comment_status":"open","ping_status":"open","template":"","meta":{"footnotes":""},"_links":{"self":[{"href":"http:\/\/actuary.hu\/weblap2\/wp-json\/wp\/v2\/pages\/8"}],"collection":[{"href":"http:\/\/actuary.hu\/weblap2\/wp-json\/wp\/v2\/pages"}],"about":[{"href":"http:\/\/actuary.hu\/weblap2\/wp-json\/wp\/v2\/types\/page"}],"author":[{"embeddable":true,"href":"http:\/\/actuary.hu\/weblap2\/wp-json\/wp\/v2\/users\/1"}],"replies":[{"embeddable":true,"href":"http:\/\/actuary.hu\/weblap2\/wp-json\/wp\/v2\/comments?post=8"}],"version-history":[{"count":17,"href":"http:\/\/actuary.hu\/weblap2\/wp-json\/wp\/v2\/pages\/8\/revisions"}],"predecessor-version":[{"id":2197,"href":"http:\/\/actuary.hu\/weblap2\/wp-json\/wp\/v2\/pages\/8\/revisions\/2197"}],"wp:attachment":[{"href":"http:\/\/actuary.hu\/weblap2\/wp-json\/wp\/v2\/media?parent=8"}],"curies":[{"name":"wp","href":"https:\/\/api.w.org\/{rel}","templated":true}]}}