{"id":99,"date":"2013-10-01T17:07:13","date_gmt":"2013-10-01T15:07:13","guid":{"rendered":"http:\/\/actuary.hu\/weblap2\/?page_id=99"},"modified":"2017-05-07T18:05:27","modified_gmt":"2017-05-07T16:05:27","slug":"mabisz-tagozat","status":"publish","type":"page","link":"http:\/\/actuary.hu\/weblap2\/szakma\/mabisz-tagozat\/","title":{"rendered":"Mabisz Tagozat"},"content":{"rendered":"<p>Magyar Biztos\u00edt\u00f3k Sz\u00f6vets\u00e9ge<br \/>\nAssociation\u00a0of\u00a0Hungarian\u00a0Insurance\u00a0Companies<br \/>\nBudapest\u00a0VI.\u00a0Andr\u00e1ssy\u00a0\u00fat 93.<\/p>\n<p>Az\u00a0<a href=\"http:\/\/www.mabisz.hu\/hu\/a-szovetseg\/tagozatok-szekciok.html\">Aktu\u00e1riusi szekci\u00f3<\/a>\u00a0feladata:<\/p>\n<ul>\n<li>&#8211; a\u00a0Mabisz\u00a0alapszab\u00e1ly\u00e1ban \u00e9s a K\u00f6zgy\u0171l\u00e9s hat\u00e1rozataiban foglaltak megval\u00f3s\u00edt\u00e1sa az \u00e9ves munkaterv alapj\u00e1n,<\/li>\n<p><\/p>\n<li>&#8211; \u00e1ll\u00e1sfoglal\u00e1sok kialak\u00edt\u00e1sa k\u00f6z\u00f6s szakmai k\u00e9rd\u00e9sekben,<\/li>\n<p><\/p>\n<li>&#8211; d\u00f6nt\u00e9shozatal a\u00a0Mabisz\u00a0szervei \u00e1ltal r\u00e1ruh\u00e1zott k\u00e9rd\u00e9sekben,<\/li>\n<p><\/p>\n<li>&#8211; javaslatt\u00e9tel jogi szab\u00e1lyoz\u00e1sra, a jogszab\u00e1ly-tervezetekkel kapcsolatos v\u00e9lem\u00e9nyez\u00e9si, javaslatt\u00e9teli jogok gyakorl\u00e1sa,<\/li>\n<p><\/p>\n<li>&#8211; k\u00f6z\u00f6s szab\u00e1lyzatok, megold\u00e1sok kidolgoz\u00e1sa \u00e9s m\u0171k\u00f6dtet\u00e9se,<\/li>\n<p><\/p>\n<li>&#8211; \u00e1ll\u00e1sfoglal\u00e1s kialak\u00edt\u00e1sa az\u00a0aktu\u00e1riusi\u00a0\u00a0ter\u00fcletet\u00a0\u00e9rint\u0151 speci\u00e1lis \u00fcgyekben,<\/li>\n<p><\/p>\n<li>&#8211; elj\u00e1r\u00e1s minden olyan \u00fcgyben, amelyet a test\u00fcletek az ASZ hat\u00e1sk\u00f6r\u00e9be utaltak,<\/li>\n<p><\/p>\n<li>&#8211; egy\u00fcttm\u0171k\u00f6d\u00e9s a Magyar Aktu\u00e1rius T\u00e1rsas\u00e1ggal<\/li>\n<li>&#8211; szekci\u00f3 a kock\u00e1zatkezel\u00e9ssel kapcsolatos k\u00e9rd\u00e9sekkel is foglalkozik<\/li>\n<p>\n<\/ul>\n<p>\n<span style=\"text-decoration: underline;\"><span style=\"font-size: medium;\">Tagjai:<\/span><\/span><br \/>\n<br \/>\nA szekci\u00f3ba tagbiztos\u00edt\u00f3k egy-egy tagot deleg\u00e1lhatnak. Az \u00fcl\u00e9seken a deleg\u00e1ltak \u00e1ltal a vezet\u0151 aktu\u00e1riusok \u00e9s vezet\u0151 kock\u00e1zatkezel\u0151k k\u00e9pviselete egyar\u00e1nt megval\u00f3sul.<br \/>\n<br \/>\n<span style=\"text-decoration: underline;\"><span style=\"font-size: medium;\">Vezet\u00e9s:<\/span><\/span><br \/>\n<br \/>\nA szekci\u00f3 vezet\u00e9se az eln\u00f6kb\u0151l \u00e9s az eln\u00f6khelyettesb\u0151l, valamint a szekci\u00f3vezet\u0151b\u0151l \u00e1ll.<br \/>\nAz eln\u00f6k\u00f6t \u00e9s az eln\u00f6khelyettest a szekci\u00f3 v\u00e1lasztja meg, a szekci\u00f3vezet\u0151t a f\u0151titk\u00e1r b\u00edzza meg a munkaszervezet tagjai k\u00f6z\u00fcl.<br \/>\nAz eln\u00f6k \u00e9s eln\u00f6khelyettes megb\u00edzat\u00e1sa k\u00e9t \u00e9vre sz\u00f3l, ami meghosszabb\u00edthat\u00f3.<br \/>\n<br \/>\n<span style=\"text-decoration: underline;\"><span style=\"font-size: medium;\">\u00dcl\u00e9sek:<\/span><\/span><br \/>\n<br \/>\nA\u00a0szekci\u00f3 \u00fcl\u00e9st\u00a0sz\u00fcks\u00e9g szerint, de legal\u00e1bb \u00e9venk\u00e9nt n\u00e9gy alkalommal \u00f6ssze kell h\u00edvni.<br \/><\/p>\n","protected":false},"excerpt":{"rendered":"<p>Magyar Biztos\u00edt\u00f3k Sz\u00f6vets\u00e9ge Association\u00a0of\u00a0Hungarian\u00a0Insurance\u00a0Companies Budapest\u00a0VI.\u00a0Andr\u00e1ssy\u00a0\u00fat 93. Az\u00a0Aktu\u00e1riusi szekci\u00f3\u00a0feladata: &#8211; a\u00a0Mabisz\u00a0alapszab\u00e1ly\u00e1ban \u00e9s a K\u00f6zgy\u0171l\u00e9s hat\u00e1rozataiban foglaltak megval\u00f3s\u00edt\u00e1sa az \u00e9ves munkaterv alapj\u00e1n, &#8211; \u00e1ll\u00e1sfoglal\u00e1sok kialak\u00edt\u00e1sa k\u00f6z\u00f6s szakmai k\u00e9rd\u00e9sekben, &#8211; d\u00f6nt\u00e9shozatal a\u00a0Mabisz\u00a0szervei \u00e1ltal [&hellip;]<\/p>\n","protected":false},"author":2,"featured_media":0,"parent":12,"menu_order":2,"comment_status":"open","ping_status":"open","template":"","meta":{"footnotes":""},"_links":{"self":[{"href":"http:\/\/actuary.hu\/weblap2\/wp-json\/wp\/v2\/pages\/99"}],"collection":[{"href":"http:\/\/actuary.hu\/weblap2\/wp-json\/wp\/v2\/pages"}],"about":[{"href":"http:\/\/actuary.hu\/weblap2\/wp-json\/wp\/v2\/types\/page"}],"author":[{"embeddable":true,"href":"http:\/\/actuary.hu\/weblap2\/wp-json\/wp\/v2\/users\/2"}],"replies":[{"embeddable":true,"href":"http:\/\/actuary.hu\/weblap2\/wp-json\/wp\/v2\/comments?post=99"}],"version-history":[{"count":19,"href":"http:\/\/actuary.hu\/weblap2\/wp-json\/wp\/v2\/pages\/99\/revisions"}],"predecessor-version":[{"id":2681,"href":"http:\/\/actuary.hu\/weblap2\/wp-json\/wp\/v2\/pages\/99\/revisions\/2681"}],"up":[{"embeddable":true,"href":"http:\/\/actuary.hu\/weblap2\/wp-json\/wp\/v2\/pages\/12"}],"wp:attachment":[{"href":"http:\/\/actuary.hu\/weblap2\/wp-json\/wp\/v2\/media?parent=99"}],"curies":[{"name":"wp","href":"https:\/\/api.w.org\/{rel}","templated":true}]}}